.
35
What is the greatest common factor of 195 and 23335?
65
Calculate the highest common factor of 2469840 and 48.
48
What is the greatest common divisor of 3632 and 81266?
454
Calculate the greatest common factor of 493 and 98049.
29
Calculate the highest common divisor of 2 and 229.
1
Calculate the greatest common divisor of 721924 and 276.
92
Calculate the highest common divisor of 2040 and 486.
6
What is the greatest common factor of 334 and 3041738?
334
Calculate the greatest common divisor of 53 and 126882.
53
Calculate the highest common factor of 333776 and 8464.
368
Calculate the highest common divisor of 10442 and 1362.
454
What is the greatest common divisor of 9731 and 15517?
263
Calculate the highest common factor of 4840 and 32065.
605
What is the highest common factor of 120660 and 180?
60
What is the greatest common divisor of 21 and 4194?
3
Calculate the greatest common factor of 15 and 3403545.
15
What is the highest common factor of 23088 and 108?
12
Calculate the highest common divisor of 75940 and 495.
5
What is the greatest common factor of 56981 and 171?
19
What is the greatest common factor of 309 and 58607?
103
What is the highest common factor of 1682348 and 580?
116
Calculate the highest common divisor of 37500 and 3675.
75
What is the greatest common factor of 3070125 and 1125?
1125
Calculate the highest common factor of 140 and 1950.
10
What is the highest common factor of 2970 and 10593?
99
What is the highest common factor of 126 and 2406852?
126
What is the highest common factor of 148986 and 13950?
558
Calculate the greatest common factor of 16302 and 428298.
1482
What is the greatest common divisor of 5313 and 3887?
23
Calculate the greatest common divisor of 190 and 121068.
38
Calculate the greatest common divisor of 54 and 285309.
27
Calculate the greatest common divisor of 33934 and 19834.
94
Calculate the greatest common factor of 1128 and 5522124.
564
Calculate the highest common factor of 13142 and 370.
2
What is the greatest common divisor of 25712 and 176?
16
Calculate the highest common divisor of 475 and 187925.
25
Calculate the greatest common factor of 32157 and 2511.
81
What is the highest common divisor of 4608 and 20?
4
Calculate the highest common divisor of 295 and 615.
5
Calculate the highest common factor of 6960 and 6670.
290
What is the greatest common factor of 6 and 66861?
3
What is the greatest common factor of 2204 and 3480?
116
Calculate the highest common factor of 8758 and 522.
58
Calculate the highest common factor of 117 and 521820.
117
What is the highest common divisor of 6139 and 56128?
877
What is the greatest common factor of 954 and 3486393?
477
What is the highest common factor of 180 and 415620?
180
What is the greatest common divisor of 860933 and 254?
127
Calculate the greatest common divisor of 957 and 5379.
33
What is the greatest common divisor of 20698 and 1179?
131
What is the greatest common factor of 837325 and 25?
25
Calculate the highest common divisor of 966 and 613088.
322
Calculate the highest common factor of 13330 and 80.
10
What is the highest common divisor of 6682 and 1950?
26
Calculate the highest common divisor of 32 and 626.
2
What is the greatest common factor of 5071 and 88?
11
Calculate the greatest common divisor of 3036 and 4443.
3
Calculate the greatest common divisor of 18939 and 7965.
177
Calculate the greatest common factor of 1298729 and 86.
43
Calculate the greatest common divisor of 496 and 7472.
16
What is the highest common factor of 50 and 14150?
50
Calculate the greatest common factor of 45 and 33921.
9
What is the greatest common factor of 16 and 426432?
16
Calculate the greatest common factor of 68148 and 324.
108
What is the greatest common factor of 8230 and 4600?
10
Calculate the greatest common factor of 8905 and 1417.
13
Calculate the greatest common factor of 920 and 16.
8
What is the greatest common divisor of 96 and 3804?
12
Calculate the greatest common factor of 46932 and 312.
12
Calculate the highest common divisor of 5180 and 60606.
518
What is the highest common divisor of 26600 and 2632?
56
Calculate the highest common divisor of 3024 and 3672.
216
What is the greatest common factor of 147 and 72177?
147
Calculate the highest common divisor of 190 and 8450.
10
What is the highest common divisor of 2190 and 690?
30
Calculate the greatest common factor of 545 and 1225.
5
Calculate the greatest common factor of 279245 and 45.
5
What is the highest common divisor of 52404 and 41288?
1588
What is the greatest common divisor of 36 and 55164?
12
Calculate the highest common factor of 6392 and 8084.
188
What is the greatest common factor of 595790 and 52?
26
Calculate the greatest common factor of 3177 and 5139.
9
Calculate the greatest common divisor of 1131641 and 287.
287
Calculate the highest common factor of 13200 and 53790.
330
Calculate the greatest common divisor of 861 and 3567.
123
Calculate the greatest common divisor of 38 and 272042.
38
What is the greatest common divisor of 240368 and 94288?
1328
What is the highest common divisor of 1343280 and 116?
116
What is the greatest common factor of 10658 and 2?
2
Calculate the greatest common factor of 48125 and 540375.
1375
Calculate the greatest common factor of 616 and 14872.
88
Calculate the highest common divisor of 3582 and 7128.
18
Calculate the greatest common factor of 6919 and 1309.
187
Calculate the greatest common divisor of 9200 and 40300.
100
Calculate the greatest common divisor of 179676 and 166152.
1932
What is the highest common factor of 5705 and 1986481?
1141
Calculate the highest common factor of 14754 and 162.
6
What is the highest common factor of 671991 and 138?
69
What is the greatest common factor of 563878 and 28?
14
Calculate the greatest common divisor of 15819 and 3.
3
What is the highest common factor of 230 and 2422360?
230
What is the highest common divisor of 54793 and 2041?
157
Calculate the highest common divisor of 16169 and 368.
23
Calculate the highest common factor of 5989 and 113.
113
What is the greatest common factor of 144 and 591390?
18
What is the greatest common divisor of 54 and 450171?
27
What is the greatest common factor of 79420 and 1292?
76
What is the greatest common factor of 7980 and 13414?
38
What is the highest common factor of 33 and 521257?
11
What is the highest common factor of 46416 and 8992?
16
Calculate the highest common factor of 280255 and 115.
115
What is the highest common factor of 266462 and 35?
7
Calculate the greatest common factor of 122 and 138.
2
What is the highest common factor of 1620 and 8340?
60
Calculate the highest common factor of 561 and 327420.
51
What is the highest common factor of 341 and 176235?
31
What is the greatest common factor of 74654 and 4122?
458
What is the greatest common divisor of 47377 and 66?
11
What is the highest common divisor of 126 and 22694?
14
What is the greatest common factor of 966 and 80934?
42
What is the greatest common factor of 174180 and 480?
60
Calculate the greatest common factor of 156 and 17196.
12
Calculate the highest common factor of 18 and 100026.
18
Calculate the highest common divisor of 46 and 480493.
23
Calculate the highest common divisor of 67 and 20569.
67
Calculate the greatest common divisor of 113968 and 80.
16
What is the highest common divisor of 9555 and 5265?
195
Calculate the highest common factor of 525 and 3535.
35
What is the highest common divisor of 11835 and 265630?
1315
What is the highest common divisor of 30282 and 735?
147
Calculate the highest common factor of 75 and 107500.
25
Calculate the highest common factor of 2672 and 501.
167
Calculate the highest common divisor of 235360 and 1216.
32
Calculate the highest common factor of 6070 and 50.
10
What is the highest common divisor of 1254 and 13376?
418
Calculate the greatest common divisor of 6300 and 760900.
700
What is the greatest common factor of 361865 and 422?
211
Calculate the greatest common factor of 63920 and 249560.
680
Calculate the highest common divisor of 74520 and 13455.
1035
What is the greatest common divisor of 47 and 603151?
47
Calculate the highest common divisor of 14145 and 52685.
205
Calculate the greatest common factor of 824 and 556055